
False
Does 741 divide 27095406?
True
Does 430 divide 13753120?
True
Is 3729528 a multiple of 198?
True
Is 158505501 a multiple of 2453?
True
Is 164866140 a multiple of 658?
False
Does 185 divide 11318300?
True
Does 10 divide 9012700?
True
Does 735 divide 17409210?
True
Is 2049559 a multiple of 56?
False
Is 1810189324 a multiple of 57?
False
Does 25 divide 4168150?
True
Does 10 divide 2728390120?
True
Does 2 divide 262623952?
True
Does 52 divide 34870316?
True
Does 131 divide 54444270?
False
Is 43626633 a multiple of 3?
True
Does 357 divide 108713763?
False
Does 2138 divide 295207916?
False
Does 182 divide 128861024?
False
Does 8 divide 1757302960?
True
Does 1093 divide 33478590?
True
Does 112 divide 191548000?
True
Does 12 divide 89629332?
True
Does 1032 divide 2739329448?
True
Is 2820346 a multiple of 3?
False
Is 21487829 a multiple of 653?
False
Is 48860526 a multiple of 806?
True
Does 156 divide 5202878?
False
Is 432828960 a multiple of 160?
True
Is 27 a factor of 86152145?
False
Does 24 divide 142415716?
False
Does 68 divide 128986749?
False
Is 63814716 even?
True
Does 56 divide 2179352618?
False
Does 7 divide 3480881054?
True
Does 391 divide 1280987162?
True
Is 487957672 a multiple of 7?
False
Is 7 a factor of 269065538?
True
Is 4855296 a multiple of 116?
True
Is 773623777 a multiple of 613?
True
Is 161 a factor of 23915096?
False
Does 913 divide 34891208?
True
Is 12 a factor of 67258135?
False
Is 257 a factor of 29227097?
False
Is 2350788272 a multiple of 25?
False
Is 7 a factor of 26333356?
True
Is 123 a factor of 18324933?
False
Is 13941916 a multiple of 61?
True
Is 1775592 a multiple of 168?
True
Does 90 divide 134664085?
False
Is 15385771 a multiple of 257?
False
Is 19 a factor of 228967062?
True
Is 214 a factor of 3970770?
True
Does 906 divide 8913228?
True
Does 116 divide 63439678?
False
Is 645708140 a multiple of 11?
True
Does 47 divide 26888378?
False
Does 160 divide 12014720?
True
Is 180 a factor of 88711740?
True
Is 141178761 a multiple of 621?
True
Does 169 divide 10070710?
True
Does 1676 divide 18295032?
False
Is 3531416107 a multiple of 5?
False
Is 2951919944 a multiple of 2321?
False
Is 34 a factor of 305099?
False
Is 1111601 a multiple of 32?
False
Is 5591 a factor of 255790607?
False
Is 130 a factor of 4534037?
False
Does 540 divide 59619780?
True
Does 123 divide 12894213?
True
Does 84 divide 331980399?
False
Does 240 divide 388029652?
False
Is 348612132 a multiple of 4192?
False
Is 23667105 a multiple of 2050?
False
Is 992280 a multiple of 20?
True
Is 90 a factor of 743899950?
True
Is 1346599670 a multiple of 26?
True
Is 769 a factor of 107588942?
False
Is 274068815 a multiple of 17?
True
Is 8 a factor of 35455888?
True
Is 15 a factor of 334557189?
False
Is 1567544324 a multiple of 106?
True
Is 26731648 a multiple of 23?
False
Does 1675 divide 2630567400?
True
Is 32116190 a multiple of 1594?
False
Is 6 a factor of 854069?
False
Is 43 a factor of 4227457076?
False
Is 3594119250 a multiple of 10040?
False
Is 44992875 a multiple of 84?
False
Does 9 divide 159450075?
True
Is 2665751568 a multiple of 9041?
False
Is 1171 a factor of 894701379?
True
Is 32 a factor of 114308992?
True
Is 277067562 a multiple of 2586?
False
Is 839034385 a multiple of 277?
True
Is 280902546 a multiple of 282?
False
Does 685 divide 1015985835?
True
Is 14 a factor of 51778154?
False
Is 109641976 a multiple of 4?
True
Does 6 divide 200962560?
True
Is 233873401 a multiple of 21?
False
Is 768818000 a multiple of 2120?
True
Is 13287568 a multiple of 4?
True
Is 400 a factor of 522522789?
False
Does 9218 divide 3617658606?
False
Is 453932538 a multiple of 877?
False
Is 19502208 a multiple of 152?
True
Is 160338883 a multiple of 10?
False
Does 7 divide 136607681?
True
Is 222 a factor of 594388087?
False
Is 3468228163 a multiple of 1129?
True
Does 36 divide 1002886884?
True
Is 5683673 a multiple of 2051?
False
Is 24 a factor of 6216552?
True
Is 83436081 a multiple of 130?
False
Does 3 divide 42945283?
False
Does 16 divide 406021776?
True
Is 37774576 a multiple of 55?
False
Does 1198 divide 81771886?
True
Does 123 divide 24253140?
True
Is 235 a factor of 162664650?
True
Is 96808320 a multiple of 144?
True
Is 17 a factor of 283045155?
True
Does 2073 divide 155293250?
False
Is 3911 a factor of 622860515?
False
Is 426274057 a multiple of 1376?
False
Does 13 divide 50030500?
True
Is 649589063 a multiple of 195?
False
Is 16 a factor of 6619364?
False
Is 9036545 a multiple of 23?
False
Does 1282 divide 67778058?
True
Is 81073812 a multiple of 1332?
False
Is 85 a factor of 88315?
True
Is 1815038400 a multiple of 80?
True
Does 38 divide 44111833?
False
Is 24057488 a multiple of 2132?
True
Is 472 a factor of 80994925?
False
Is 1926485097 a multiple of 1499?
False
Does 3427 divide 594543376?
True
Is 21409585 a multiple of 646?
False
Does 385 divide 2998380?
True
Is 697043638 a multiple of 446?
False
Is 1153562683 a multiple of 317?
True
Is 1339 a factor of 520128601?
False
Is 141 a factor of 14273919?
False
Does 422 divide 527078?
True
Does 37 divide 1137677651?
False
Is 71 a factor of 373711979?
True
Does 301 divide 24658075?
False
Does 74 divide 454867788?
True
Is 1789 a factor of 50088422?
True
Does 446 divide 39402316?
True
Does 19 divide 54344336?
False
Does 536 divide 150433760?
True
Is 3 a factor of 80649528?
True
Is 203848511 a multiple of 511?
False
Is 1409 a factor of 51697244?
False
Does 50 divide 24574111?
False
Is 18 a factor of 212272510?
False
Does 37 divide 1275924?
False
Is 445 a factor of 5322194598?
False
Is 713 a factor of 568674335?
False
Is 324 a factor of 152356464?
True
Is 25444256 a multiple of 1528?
True
Is 20 a factor of 163338973?
False
Does 8 divide 8980830?
False
Is 52 a factor of 29708812?
False
Is 78551897 a multiple of 64?
False
Is 14034731 a multiple of 7?
False
Is 55375500 a multiple of 1102?
True
Is 3 a factor of 74757342?
True
Does 1470 divide 92831970?
True
Does 107 divide 790751079?
True
Does 27 divide 29896899?
False
Does 156 divide 23156484?
True
Is 4303767 a multiple of 25?
False
Is 830 a factor of 737768740?
True
Is 154327012 a multiple of 1650?
False
Is 45234283 a multiple of 888?
False
Is 155867931 a multiple of 5?
False
Is 691 a factor of 144151583?
True
Does 19 divide 48151846?
False
Is 4160581968 a multiple of 24?
True
Is 18 a factor of 413848872?
True
Does 415 divide 62181940?
True
Does 817 divide 220781338?
False
Does 695 divide 716118965?
True
Does 702 divide 137939924?
False
Does 105 divide 4034638020?
True
Does 41 divide 1577654375?
True
Does 5 divide 25272168?
False
Is 10 a factor of 130257080?
True
Is 94474770 a multiple of 95?
False
Does 14 divide 779089276?
True
Does 287 divide 333577230?
True
Is 269 a factor of 674898673?
True
Does 17 divide 584969?
False
Is 13 a factor of 1219014591?
False
Is 4 a factor of 169354307?
False
Does 11 divide 9896326?
True
Does 2568 divide 146275848?
True
Is 397 a factor of 124975600?
True
Is 120047810 a multiple of 2221?
False
Is 206803753 a multiple of 45?
False
Does 78 divide 725867?
False
Does 13764 divide 2000020050?
False
Is 310 a factor of 246527500?
True
Is 2334906464 a multiple of 5104?
True
Does 52 divide 9950356?
True
Does 355 divide 224342250?
True
Is 247401028 a multiple of 19?
False
Is 15721221 a multiple of 586?
False
Is 1372 a factor of 465132221?
False
Is 16141328 a multiple of 3?
False
Is 5 a factor of 415394899?
False
Is 25 a factor of 351200976?
False
Is 49 a factor of 156115470?
True
Is 10631520 a multiple of 207?
True
Is 22 a factor of 46436844?
False
Does 227 divide 7082626?
False
Is 9575987 a multiple of 2?
False
Does 1315 divide 33039375?
True
Is 273 a factor of 20234056?
False
Is 2411480 a multiple of 19?
True
Does 13 divide 926549?
True
Is 95 a factor of 12953060?
True
Does 15 divide 41693130?
True
Does 1345 divide 701886463?
False
Does 19 divide 35636951?
True
Does 1427 divide 36549208?
False
Does 543 divide 8246541?
True
Is 165092298 a multiple of 14?
True
Is 44168352 a multiple of 24?
True
Is 786612902 a multiple of 112?
False
Does 34 divide 157071851?
False
Is 1444 a factor of 1785144629?
False
Is 1294221176 a multiple of 199?
True
Is 101 a factor of 356915224?
False
Is 20 a factor of 20230720?
True
Is 7417 a factor of 1447783566?
True
Is 2717462